+ 254*m + 3. Determine i(-26).
159
Let r(j) = 19*j**3 - 2*j**2 - 4*j + 8. What is r(2)?
144
Let l(k) = 3*k**3 + 9*k**2 - 17*k - 24. Give l(-5).
-89
Let b(c) = c**3 + 369*c**2 - 395*c - 9250. Give b(-370).
0
Let q(n) = -4*n**3 + n**2 - 11*n + 8. Determine q(4).
-276
Let b(w) = -2861*w - 2918. Calculate b(-1).
-57
Let k(g) = 100*g**2 - 4398*g - 89. Determine k(44).
-1
Let a(o) = 84*o + 1281. Determine a(-15).
21
Let y(l) = 2*l**3 + 17*l**2 - 2*l + 9. What is y(-8)?
89
Let u(d) = d**3 - 15*d**2 - 50*d + 310. Give u(17).
38
Let h(g) = 17*g - 744. Calculate h(44).
4
Let a(z) = 1084*z + 23812. Calculate a(-22).
-36
Let o(k) = -2*k**2 + 3678*k - 7354. Determine o(2).
-6
Let i(w) = -w**3 - 20*w**2 - 52*w - 317. Calculate i(-18).
-29
Let a(f) = -1338*f + 104364. Give a(78).
0
Let r(h) = 10*h + 540. Determine r(-65).
-110
Let s(i) = i**3 + 56*i**2 - 116*i - 91. Determine s(-58).
-91
Let q(i) = -i**2 - 46*i + 780. Give q(13).
13
Let y(r) = -1165*r + 4654. What is y(4)?
-6
Let a(w) = 14*w**2 + 79*w + 59. Determine a(-5).
14
Let o(r) = -42*r - 47. Calculate o(-1).
-5
Let a(p) = -18*p - 55. Determine a(5).
-145
Let z(d) = -d**2 + 164*d - 4533. Give z(35).
-18
Let s(c) = 11*c - 60. Calculate s(8).
28
Let k(y) = 6*y**3 - 238*y**2 - 2398*y - 88. Determine k(48).
8
Let l(g) = g**3 + 19*g**2 + 19*g - 44. Determine l(-18).
-62
Let p(r) = 19*r - 370. What is p(20)?
10
Let r(k) = 8*k**3 + 2*k**2 - 14*k - 30. What is r(-2)?
-58
Let s(f) = 36*f**3 + 6*f**2 - 14*f + 11. Calculate s(2).
295
Let u(m) = 49*m - 636. What is u(16)?
148
Let j(x) = -x**3 - 10*x**2 - 33*x - 68. What is j(-6)?
-14
Let b(x) = 127*x - 29. Determine b(0).
-29
Let j(r) = 16*r + 1. Determine j(9).
145
Let k(l) = l**3 + 249*l**2 + 262*l + 3471. What is k(-248)?
-1
Let y(q) = 235*q - 2100. Determine y(7).
-455
Let d(y) = -69*y**2 - 274*y - 18. What is d(-4)?
-26
Let m(q) = 69*q + 1639. Calculate m(-23).
52
Let v(h) = -37*h - 18. What is v(-4)?
130
Let h(p) = p**3 + 28*p**2 - 189*p - 4638. Give h(-29).
2
Let n(s) = -17*s**3 - s**2 + 16*s - 66. What is n(3)?
-486
Let u(r) = -r**3 + 48*r**2 - 152*r + 718. Determine u(45).
-47
Let i(k) = k**3 - 31*k**2 + 119*k - 964. Determine i(28).
16
Let o(v) = -v**2 - 343*v + 1029. Calculate o(3).
-9
Let y(l) = 11*l + 22. What is y(-12)?
-110
Let a(s) = -11*s**2 - 154*s + 28. Calculate a(-14).
28
Let w(r) = r**2 + 39*r - 54. What is w(-36)?
-162
Let q(a) = 72*a + 3156. What is q(-43)?
60
Let y(k) = -51*k + 1063. Determine y(21).
-8
Let z(b) = 1066*b + 49041. What is z(-46)?
5
Let x(h) = h**2 - 115*h - 2399. Calculate x(-18).
-5
Let j(f) = -f**2 - 721*f + 4431. Give j(6).
69
Let k(v) = v**3 + 29*v**2 + 64*v + 1204. Give k(-28).
196
Let q(k) = 355*k + 3571. What is q(-10)?
21
Let x(a) = 49*a - 1564. Calculate x(31).
-45
Let v(h) = 4*h**2 - 107*h + 559. Determine v(21).
76
Let j(c) = -2*c**3 + 295*c**2 + 753*c - 455. Calculate j(150).
-5
Let f(i) = -7*i - 1252. What is f(-41)?
-965
Let w(h) = 27*h + 72. Give w(-9).
-171
Let g(c) = c**3 + 36*c**2 + 80*c + 396. What is g(-34)?
-12
Let w(q) = 132*q + 5974. Determine w(-46).
-98
Let m(w) = w**2 - 41*w + 194. Give m(36).
14
Let l(t) = 9*t - 108. What is l(10)?
-18
Let s(r) = -r**3 + 7*r**2 - 22*r + 122. Give s(6).
26
Let a(v) = 23*v + 276. What is a(-11)?
23
Let r(s) = -s**2 - 24*s - 79. Determine r(-4).
1
Let c(w) = w**2 - 56*w + 664. Determine c(15).
49
Let g(n) = -16*n**2 - 27*n + 4. Calculate g(-3).
-59
Let q(z) = -z**3 - 32*z**2 - 24*z + 5. Calculate q(-31).
-212
Let f(j) = 78*j + 296. What is f(-2)?
140
Let i(c) = 3*c**2 - 181*c + 576. What is i(56)?
-152
Let n(a) = 3*a**2 - 59*a - 29. What is n(19)?
-67
Let v(g) = -2*g**2 - 25*g - 78. Give v(-5).
-3
Let c(r) = 28*r - 447. Give c(14).
-55
Let c(z) = 2*z**2 - 15*z - 29. Determine c(-9).
268
Let r(n) = -162*n - 149. Determine r(-1).
13
Let r(k) = 20*k**3 + 2379*k**2 - 114*k + 611. Calculate r(-119).
16
Let b(u) = 8*u - 328. Give b(42).
8
Let n(o) = o**3 + 43*o**2 + 40*o - 189. Determine n(-42).
-105
Let i(w) = -w**3 - 41*w**2 + 127*w - 70. Calculate i(-44).
150
Let m(l) = -16*l + 224. Calculate m(5).
144
Let p(s) = 67*s**2 + 1207*s + 15. What is p(-18)?
-3
Let j(i) = -i**3 + 4*i**2 + 97*i - 5. Determine j(-8).
-13
Let k(a) = -225*a + 4955. Give k(22).
5
Let s(a) = -4*a**2 - 33*a + 1731. Calculate s(17).
14
Let t(s) = 32*s - 1244. Calculate t(42).
100
Let h(y) = 192*y - 1876. Determine h(10).
44
Let b(l) = -l**3 - 73*l**2 - 404*l - 8. Give b(-6).
4
Let v(d) = d**3 + 2*d**2 + 49*d - 151. What is v(3)?
41
Let i(l) = -106*l - 3657. Determine i(-35).
53
Let u(n) = -7*n**3 + 48*n**2 + 69*n + 18. What is u(8)?
58
Let d(w) = 3*w**2 + 55*w + 537. Give d(-12).
309
Let m(f) = -f**3 + 13*f**2 - 20*f + 44. Determine m(12).
-52
Let v(c) = -317*c + 3459. Determine v(11).
-28
Let x(a) = 2*a**3 + 3*a**2 + 33*a + 114. Calculate x(-3).
-12
Let m(y) = -y**3 + 92*y**2 - 264*y - 261. Calculate m(89).
6
Let h(d) = -2*d**3 - 8*d**2 + 5*d - 4. Calculate h(-5).
21
Let v(o) = o**3 + 8*o**2 - 10*o - 1. Determine v(-7).
118
Let q(b) = 10*b + 48. Determine q(-3).
18
Let g(y) = 61*y + 149. Give g(4).
393
Let p(b) = -2*b - 59. Determine p(25).
-109
Let t(j) = j**3 + 3*j**2 - 40*j - 18. Give t(-8).
-18
Let h(d) = -765*d - 8404. Give h(-11).
11
Let u(t) = -2*t**2 - 70*t + 15402. Calculate u(72).
-6
Let d(y) = 21*y**3 + 310*y**2 - 74*y + 7. What is d(-15)?
-8
Let z(d) = 52*d + 512. Give z(-14).
-216
Let z(g) = 7*g**2 + 112*g + 1077. What is z(-10)?
657
Let u(t) = 49*t - 167. Give u(3).
-20
Let z(p) = 13*p + 334. Calculate z(-27).
-17
Let o(r) = 73*r**2 - 57*r + 183. What is o(3)?
669
Let a(d) = -d**2 - 180*d + 1727. Give a(9).
26
Let y(l) = 3656*l + 3663. What is y(-1)?
7
Let n(o) = -54*o - 2741. Give n(-49).
-95
Let d(s) = -5*s**3 - 65*s**2 - 108*s - 1407. What is d(-13)?
-3
Let i(n) = n**3 + 10*n**2 + 3*n - 17. What is i(-9)?
37
Let o(d) = 2*d**3 - 83*d**2 - 37*d - 218. Determine o(42).
-8
Let x(q) = -207*q - 5409. Calculate x(-26).
-27
Let k(d) = 2*d**2 - 138*d + 1706. Give k(53).
10
Let c(u) = 15*u**2 - 212*u - 648. What is c(-3)?
123
Let b(r) = 16*r - 263. Give b(40).
377
Let y(u) = 36*u**2 - 42*u - 39. Calculate y(-1).
39
Let b(n) = 70*n**2 - 1288*n - 1288. Calculate b(-1).
70
Let s(q) = -55*q - 2452. Calculate s(-45).
23
Let y(h) = 3*h**3 + 17*h**2 - 67*h - 382. Give y(-5).
3
Let j(q) = q**2 + 60*q - 23. Give j(0).
-23
Let q(g) = g**2 + 13*g - 309. Calculate q(16).
155
Let k(z) = 2*z**3 - 64*z**2 + 176*z + 62. Give k(29).
120
Let p(h) = h**3 - 7*h**2 + 6*h + 10. Determine p(7).
52
Let g(z) = 50*z**3 - 3*z**2 + 9*z + 5. Determine g(0).
5
Let h(c) = c - 126. What is h(-12)?
-138
Let u(y) = -y**3 + 10*y**2 - 7*y + 4. Calculate u(9).
22
Let i(f) = 176*f + 1402. What is i(-8)?
-6
Let h(x) = -2*x**3 - 9*x**2 + 10*x - 46. Give h(-6).
2
Let m(x) = -x**2 - 9*x + 1899. Determine m(-49).
-61
Let r(a) = a**3 - 17*a**2 + 61*a + 27. Calculate r(10).
-63
Let x(i) = 546*i**2 + 4362*i + 20. Give x(-8).
68
Let p(j) = -23*j**2 + 37*j - 3. Determine p(1).
11
Let w(c) = 6*c**3 - 14*c**2 + 22*c - 1. Give w(5).
509
Let d(h) = 15*h - 22. What is d(30)?
428
Let u(r) = 25*r**2 + 1849*r - 73. Calculate u(-74).
1
Let o(p) = -110*p + 4842. What is o(44)?
2
Let r(l) = 161*l - 2030. Determine r(13).
63
Let o(x) = 125*x - 387. Determine o(2).
-137
Let r(y) = y**2 - 60*y + 471. Give r(10).
-29
Let v(m) = -30*m**2 - 305*m - 51. What is v(-10)?
-1
Let l(s) = 7*s**2 - 441*s + 16. Determine l(63).
16
Let w(v) = 4*v - 251. What is w(-29)?
-367
Let i(u) = 52*u - 319. Give i(-4).
-527
Let m(j) = j**3 + 4*j**2 - 24*j + 1. Calculate m(-7).
22
Let p(q) = 38*q - 5414. What is p(141)?
-56
Let z(t) = -2*t**3 - 19*t**2 + 4*t + 21. What is z(-1)?
0
Let h(r) = -2*r**3 + 2*r**2 - 15*r + 21. Determine h(3).
-60
Let c(b) = 5*b**2 - 232*b + 1284. What is c(6)?
72
Let z(g) = g**2 + 16*g - 591. What is z(-33)?
-30
Let c(f) = -f**3 + 12*f**2 - 11*f + 97. What is c(12)?
-35
Let h(n) = 3*n**3 + 274*n**2 + 61*n - 2707. Determine h(-91).
23
Let h(p) = -60*p**2 - 3117*p + 159. Calculate h(-52).
3
Let x(d) = -261*d - 83. Give x(-1).
178
Let a(l) = -13*l**2 - 31*l - 115. What is a(-7)?
-535
Let s(d) = d**3 + 3*d**2 + 99*d + 830. Calculate s(-8).
-282
Let r(j) = 40*j**2 - 50*j. Determine r(1).
-10
Let d(o) = o**2 + 4*o - 773. Determine d(-29).
-48
Let g(l)